{"id":35,"date":"2019-12-14T13:13:13","date_gmt":"2019-12-14T13:13:13","guid":{"rendered":"http:\/\/iaido-muenchen.de\/?page_id=35"},"modified":"2025-10-09T13:59:46","modified_gmt":"2025-10-09T12:59:46","slug":"verein","status":"publish","type":"page","link":"http:\/\/iaido-muenchen.de\/?page_id=35","title":{"rendered":"Verein"},"content":{"rendered":"\n<h2 class=\"wp-block-heading\">Hakushinkai M\u00fcnchen e.V.<\/h2>\n\n\n\n<p> Der Hakushinkai M\u00fcnchen e.V. ist ein Verein f\u00fcr Iaido &#8211; die japanische Kunst des Schwertziehens. <\/p>\n\n\n\n<figure class=\"wp-block-image size-large\"><img loading=\"lazy\" decoding=\"async\" width=\"1024\" height=\"683\" src=\"http:\/\/iaido-muenchen.de\/wp-content\/uploads\/2019\/12\/tenouchi-1024x683.png\" alt=\"\" class=\"wp-image-37\" srcset=\"http:\/\/iaido-muenchen.de\/wp-content\/uploads\/2019\/12\/tenouchi-1024x683.png 1024w, http:\/\/iaido-muenchen.de\/wp-content\/uploads\/2019\/12\/tenouchi-300x200.png 300w, http:\/\/iaido-muenchen.de\/wp-content\/uploads\/2019\/12\/tenouchi-768x512.png 768w, http:\/\/iaido-muenchen.de\/wp-content\/uploads\/2019\/12\/tenouchi.png 1250w\" sizes=\"auto, (max-width: 1024px) 100vw, 1024px\" \/><figcaption class=\"wp-element-caption\">Sagawa Sensei demonstriert Tenouchi (Foto:  Noriyuki Kawamura )<\/figcaption><\/figure>\n\n\n\n<p><\/p>\n\n\n\n<p>Der Verein wurde am 15. Juni 2002 in M\u00fcnchen gegr\u00fcndet, ist beim dortigen Amtsgericht unter VR 17739 in das Vereinsregister eingetragen und als gemeinn\u00fctzig anerkannt.<\/p>\n\n\n\n<p>Der Verein ist Mitglied im Bayerischen Iaido-Bund (BayIaiB) e.V., im Bayerischen Landes-Sportverband (BLSV) e.V., sowie in der Sektion Kendo im Bayerischen Judo-Verband (BJV) e.V.<\/p>\n\n\n\n<p>Durch die Mitgliedschaft im BayIaiB sind wir angeschlossen an den Deutschen Iaido-Bund e.V. (DIaiB), der wiederum per Kooperationsvertrag mit dem Deutschen Kendobund e.V. (DKenB) in der European Kendo Federation (EKF) organisiert ist. Dies sichert eine g\u00fcnstige Lehrgangsteilnahme und die allgemeine Anerkennung von Graduierungspr\u00fcfungen.<\/p>\n\n\n\n<p>Wir sind ebenfalls Teil des Sh\u014dshikai Bud\u014d Juku, der Dachvereinigung alle Iaido-Vereine, die Sensei Furuichi Norio 8.Dan Hanshi folgen.<\/p>\n\n\n\n<p><strong>Namensgebung des Vereins<\/strong><\/p>\n\n\n\n<p>Unser Name ist japanisch und besteht aus den Begriffen<\/p>\n\n\n\n<p><em> haku<\/em>&nbsp;(\u535a &#8211; weit, offen),<\/p>\n\n\n\n<p><em> shin<\/em>&nbsp;(\u5fc3 &#8211; Herz, Geist) und<\/p>\n\n\n\n<p><em> kai<\/em>&nbsp;(\u4f1a &#8211; Gemeinschaft, Gesellschaft).<br><br>Er ist eine Referenz an die in Tokyo beheimatete, gleichnamige Iaido-Gemeinschaft und ihren Gr\u00fcnder&nbsp;<em>Hakuo SAGAWA Sensei<\/em>&nbsp;(9. Dan Iaido Hanshi, 8. Dan Kendo \u2013 1917 &#8211; 2004), der \u00fcber 20 Jahre lang das Iaido in Deutschland als Hauptlehrer betreut und gef\u00f6rdert hat. In diesem Sinne gibt es unter dem Namen Hakushinkai bereits weitere Iaido-Vereine in anderen St\u00e4dten (z.B. Aachen, Berlin, D\u00fcsseldorf&#8230;), die allerdings eigenst\u00e4ndig und jeweils unabh\u00e4ngig sind. Untereinander f\u00fchlen wir uns jedoch in der Sache freundschaftlich verbunden.<\/p>\n\n\n\n<p><strong>Vorstand<\/strong><\/p>\n\n\n\n<figure class=\"wp-block-table\"><table><tbody><tr><td>1. Vorsitzender<\/td><td>Michael Ibers<\/td><\/tr><tr><td>2. Vorsitzender<\/td><td>Dietmar Thom<\/td><\/tr><tr><td>Kassenwart<\/td><td>Thomas Lederer<\/td><\/tr><tr><td>Schriftf\u00fchrer<\/td><td>Pauline Kister<\/td><\/tr><\/tbody><\/table><\/figure>\n\n\n\n<p><\/p>\n\n\n\n<p><\/p>\n\n\n\n<p><strong> Dokumente\/Downloads<\/strong><\/p>\n\n\n\n<div class=\"wp-block-file\"><a id=\"wp-block-file--media-a263da19-a7a5-4275-87a2-f736bff3cc08\" href=\"http:\/\/iaido-muenchen.de\/wp-content\/uploads\/2025\/10\/Satzung_Neufassung_ohne_Aenderungen.pdf\">Satzung Hakushinkai<\/a><a href=\"http:\/\/iaido-muenchen.de\/wp-content\/uploads\/2025\/10\/Satzung_Neufassung_ohne_Aenderungen.pdf\" class=\"wp-block-file__button wp-element-button\" download aria-describedby=\"wp-block-file--media-a263da19-a7a5-4275-87a2-f736bff3cc08\">Herunterladen<\/a><\/div>\n\n\n\n<div class=\"wp-block-file\"><a id=\"wp-block-file--media-48904320-fb10-4523-8a73-d9af7033e82a\" href=\"http:\/\/iaido-muenchen.de\/wp-content\/uploads\/2019\/12\/hakushinkai-muenchen_mitgliedschaftsantrag_v6.pdf\">Mitgliedschaftsantrag deutsch<\/a><a href=\"http:\/\/iaido-muenchen.de\/wp-content\/uploads\/2019\/12\/hakushinkai-muenchen_mitgliedschaftsantrag_v6.pdf\" class=\"wp-block-file__button wp-element-button\" download aria-describedby=\"wp-block-file--media-48904320-fb10-4523-8a73-d9af7033e82a\">Herunterladen<\/a><\/div>\n\n\n\n<div class=\"wp-block-file\"><a id=\"wp-block-file--media-b63d80cf-be11-4c5f-beb5-20b7f2ef8827\" href=\"http:\/\/iaido-muenchen.de\/wp-content\/uploads\/2019\/12\/hakushinkai-muenchen_mitgliedschaftsantrag_v6_englisch.pdf\">Mitgliedschaftsantrag englisch<\/a><a href=\"http:\/\/iaido-muenchen.de\/wp-content\/uploads\/2019\/12\/hakushinkai-muenchen_mitgliedschaftsantrag_v6_englisch.pdf\" class=\"wp-block-file__button wp-element-button\" download aria-describedby=\"wp-block-file--media-b63d80cf-be11-4c5f-beb5-20b7f2ef8827\">Herunterladen<\/a><\/div>\n","protected":false},"excerpt":{"rendered":"<p>Hakushinkai M\u00fcnchen e.V. Der Hakushinkai M\u00fcnchen e.V. ist ein Verein f\u00fcr Iaido &#8211; die japanische Kunst des Schwertziehens. Der Verein wurde am 15. Juni 2002 in M\u00fcnchen gegr\u00fcndet, ist beim dortigen Amtsgericht unter VR 17739 in das Vereinsregister eingetragen und als gemeinn\u00fctzig anerkannt. Der Verein ist Mitglied im Bayerischen Iaido-Bund (BayIaiB) e.V., im Bayerischen Landes-Sportverband<br \/><a class=\"btn btn-tislider blog-readmore\" href=\"http:\/\/iaido-muenchen.de\/?page_id=35\">Weiterlesen<\/a><\/p>\n","protected":false},"author":1,"featured_media":0,"parent":0,"menu_order":0,"comment_status":"closed","ping_status":"closed","template":"","meta":{"footnotes":""},"class_list":["post-35","page","type-page","status-publish","hentry"],"_links":{"self":[{"href":"http:\/\/iaido-muenchen.de\/index.php?rest_route=\/wp\/v2\/pages\/35","targetHints":{"allow":["GET"]}}],"collection":[{"href":"http:\/\/iaido-muenchen.de\/index.php?rest_route=\/wp\/v2\/pages"}],"about":[{"href":"http:\/\/iaido-muenchen.de\/index.php?rest_route=\/wp\/v2\/types\/page"}],"author":[{"embeddable":true,"href":"http:\/\/iaido-muenchen.de\/index.php?rest_route=\/wp\/v2\/users\/1"}],"replies":[{"embeddable":true,"href":"http:\/\/iaido-muenchen.de\/index.php?rest_route=%2Fwp%2Fv2%2Fcomments&post=35"}],"version-history":[{"count":12,"href":"http:\/\/iaido-muenchen.de\/index.php?rest_route=\/wp\/v2\/pages\/35\/revisions"}],"predecessor-version":[{"id":144,"href":"http:\/\/iaido-muenchen.de\/index.php?rest_route=\/wp\/v2\/pages\/35\/revisions\/144"}],"wp:attachment":[{"href":"http:\/\/iaido-muenchen.de\/index.php?rest_route=%2Fwp%2Fv2%2Fmedia&parent=35"}],"curies":[{"name":"wp","href":"https:\/\/api.w.org\/{rel}","templated":true}]}}